nd y.
12
Let a = -1682 - -1731. Calculate the highest common divisor of 175 and a.
7
Suppose 3*n + 3*r = 114, -37 = 4*n - r - 174. What is the highest common factor of 63 and n?
7
Let z = -242 + 350. Calculate the greatest common divisor of z and 621.
27
Let n(r) = -r**3 + 16*r**2 - 12*r - 37. Let l be n(15). Suppose -2*f + l*k - 12*k + 80 = 0, 0 = 2*k. What is the greatest common factor of 120 and f?
40
Suppose -2*c + 9*r + 44 = 13*r, 5*c + 4*r = 134. What is the greatest common factor of c and 160?
10
Let k = -187 + 271. Let d = 5 + 205. What is the greatest common divisor of d and k?
42
Let q(p) = p**2 + 7*p + 2. Let a be q(3). Calculate the highest common divisor of 160 and a.
32
Let u(r) = -r - 11. Let g be u(-8). Let f(q) = -3*q - 3. Let z be f(g). Let y = 1 + z. Calculate the highest common factor of y and 35.
7
Let b be 5 + (-1 - -2) + -6 + 4387. What is the highest common factor of 41 and b?
41
Suppose 3*r = 5*m - 71, 4*r = 3*m - 41 + 5. Let c(v) = -6*v**2 + 281*v + 55. Let x be c(47). What is the highest common factor of m and x?
8
Let x be 29442/273 + (-5)/(130/(-4)). Calculate the greatest common factor of 12 and x.
12
Let h = 564 - 514. What is the highest common divisor of 2 and h?
2
Let s = 431 + -247. What is the greatest common factor of 138 and s?
46
Let j = 15 - -67. Suppose -j = -3*b - 2*q, 0*b + 2*b - 48 = -3*q. Let k(w) = w**2 - w - 5. Let n be k(5). What is the highest common divisor of n and b?
15
Suppose 20*t - 29*t = 0. Suppose 4*k + b = 3*k + 8, t = -5*k - b + 20. What is the highest common divisor of 3 and k?
3
Let g be ((-10)/12)/(91/(-3822)). What is the highest common factor of 546 and g?
7
Let x = 973 + -1. Suppose 19*r - 16*r - x = 0. Calculate the greatest common factor of r and 36.
36
Let w = -5 - -15. Calculate the greatest common divisor of w and 90.
10
Let a be (4 - 2)/((0 + -1)*1). Let t be (-321)/(-11) - a/(-11). Calculate the highest common factor of t and 261.
29
Suppose -15*v - 5*b + 137 = -11*v, -3*v + 94 = -5*b. Calculate the greatest common factor of 9 and v.
3
Let b = -793 + 1055. What is the greatest common factor of 2 and b?
2
Suppose -j + 3*h = 5*h - 10, -1 = -h. Let m(x) = 2*x - 11. Let y be m(j). What is the greatest common divisor of y and 2?
1
Let t be -1*2/(-2)*(-5 + 17). Calculate the highest common factor of 852 and t.
12
Let g be 10*(2/16 + 6/16). Suppose -3*h + 27 = -p, g*h + 0 - 35 = 5*p. What is the highest common divisor of h and 70?
10
Let k = -94 - -99. Suppose 0 = -4*h - 3*m + 8, -5 = 5*h - m - 34. Suppose h*w - 30 = -k*z, 12 + 3 = 5*w. Calculate the highest common factor of z and 33.
3
Let o(i) = i**3 + 16*i**2 - 5*i + 8. Let f(v) = -v**2 + 9*v - 30. Let s be f(7). Let m be o(s). Calculate the highest common factor of m and 11.
11
Let g be (-8)/10 - (-3744)/80. Calculate the greatest common divisor of 322 and g.
46
Suppose -4*k + 1915 = -8*v + 3*v, -959 = -2*k + v. Suppose -7*b + k = -2*b. Calculate the highest common factor of 64 and b.
32
Let c = -1249 + 1393. Calculate the greatest common divisor of 240 and c.
48
Let l be 4 - (-4)/6*39. Suppose z + 10*z - 495 = 0. What is the highest common divisor of z and l?
15
Suppose -v - 4*w = -52 - 14, -67 = -v - 3*w. Calculate the greatest common divisor of v and 14.
14
Let d be (2 + -1)*(12 + 2). Suppose y = -4*h - 19, 4*y + 5 = -2*h - 1. Let q be (9*2 - y) + -3. What is the greatest common factor of q and d?
14
Let b be (-120)/32 - (-1)/(-4). Let o be 2*(-2)/b*-1. Let n be o - 2/((-4)/142). What is the greatest common divisor of 28 and n?
14
Let n = -202 + 225. What is the highest common divisor of n and 92?
23
Suppose -14 = 4*z - 6*z. Suppose 2*d - 77 = -5*g, 0 = -d + 3*g + z + 26. What is the highest common divisor of d and 12?
12
Let o = 62 + -66. Let t = o + 8. What is the greatest common divisor of t and 36?
4
Suppose 765 = -4*q + 7*q - 4*x, 4*q - 1020 = -5*x. Calculate the highest common factor of q and 34.
17
Let a(i) = 3 - i**3 + 3 - 5*i**2 - 2*i + 4. Let z be a(-4). Let c be 8/3 - (-2)/6. Calculate the highest common factor of z and c.
1
Let t(z) = -14*z**2 - 19*z**2 - 28 - 4*z + 45*z**2 - 11*z**2. Let w be t(9). What is the greatest common factor of 17 and w?
17
Suppose 10*q = 4181 - 881. Calculate the highest common factor of 30 and q.
30
Let k be ((-74)/4)/(1 + 35/(-34)). What is the greatest common factor of k and 111?
37
Suppose -5*r + 156 = -14. Let n = -23 + r. Calculate the greatest common divisor of n and 33.
11
Let i(k) = -106*k**2 + 6*k + 5. Let t be i(-1). Let s = 212 + t. Suppose 9 = g - 6. Calculate the greatest common factor of g and s.
15
Let b(l) = -l**3 - 20*l**2 + 3. Let u be b(-20). Let s(m) = -11*m + u*m**2 - 1 - 1 + 6*m. Let c be s(-3). What is the highest common divisor of c and 10?
10
Let z = 553 - 550. Calculate the greatest common factor of z and 11.
1
Suppose 15 = 3*i - 20*o + 17*o, -3 = 3*i + 3*o. What is the greatest common factor of 23 and i?
1
Let q(m) = -82*m - 2. Let n be q(-2). Suppose 6 = t + 4*s, -s + 13 = 16. Calculate the highest common factor of n and t.
18
Suppose 9*j = -j + 30. Let n be ((-3)/2)/((-2)/4). Suppose -j*g = -t + 1, -6*t + n*t + 2*g + 10 = 0. Calculate the greatest common divisor of 2 and t.
2
Let c(t) = t - 15. Let w be (0*2/4)/(-1). Let q be c(w). Let r = 16 + q. What is the greatest common divisor of 9 and r?
1
Suppose 6*a + 11*a - 2397 = 0. Let s = a - 136. What is the highest common divisor of s and 40?
5
Let t(m) = -2*m**3 + 6*m**2 - 5*m - 11. Let n be t(-6). What is the greatest common factor of n and 161?
23
Let c = 104 + -68. Let j be 2 + 471/9 - 6/18. Calculate the greatest common factor of c and j.
18
Let l be ((-9)/(-6))/((-4)/((-6784)/6)). What is the greatest common divisor of l and 265?
53
Let h be ((-1 - 1)/2)/((-72)/2304). Suppose 3*g = -g + h. What is the highest common factor of g and 88?
8
Let o = -606 - -1770. Calculate the highest common divisor of o and 24.
12
Let w(o) be the first derivative of -o**3/3 - 5*o + 8. Let z be w(0). Let v be (-183)/(2 + z) - 1. Calculate the greatest common factor of v and 90.
30
Let s(q) = 64*q + 404. Let d be s(-6). Calculate the highest common divisor of 580 and d.
20
Let z be 66*-2*1/(-4). Let m(d) = d**3 - 14*d**2 - 30*d - 29. Let x be m(16). What is the greatest common divisor of x and z?
3
Let o(k) = k**2 + 18*k + 39. Let l be o(-17). What is the highest common factor of 2 and l?
2
Let z = -1537 + 1581. What is the highest common factor of 100 and z?
4
Let o be (4/10)/(11/165). Suppose -o*r = -q - 2*r + 2, 5*q + 2*r = -12. Let h be ((-2)/(-5))/(q/(-40)). Calculate the highest common factor of h and 8.
8
Let d be (-6 + (-110)/(-25))/(8/(-20)). Let r = -1 + 2. What is the greatest common divisor of r and d?
1
Let n(r) = -r**3 - 5*r**2 + 5*r - 1. Suppose 3*f + 3*y + 21 = f, 2*y = f. Let q be n(f). Suppose q*h + 31 = 91. Calculate the highest common factor of h and 72.
12
Suppose 5*f - 3 = 17, 3*j + 5*f = 56. Let b be -5 + 3 - (1 + 29). Let g be (1 - 9)*48/b. Calculate the highest common divisor of g and j.
12
Suppose -26*q + 13*q + 143 = 0. What is the greatest common factor of 99 and q?
11
Let p(s) = s**2 + 33*s + 48. Let y be p(-32). What is the highest common factor of y and 24?
8
Let u be 3/(-18)*2*6/(-2). Let i(g) = 53*g**2 - g. Let r be i(u). Let s be 39/(-6)*2*-1. What is the highest common factor of s and r?
13
Let c = 14 - 5. Let t(o) = -o**2 + 7*o + 11. Let m be t(c). Let l = m - -9. What is the highest common factor of 10 and l?
2
Let s(u) = -95*u**3 + 1. Let c be s(-1). Let q = 569 + -329. What is the greatest common factor of c and q?
48
Let m be 33 + -3 - 5 - -3. Suppose 4*q - 4 = 3*l, -l - 3*l + 4 = -3*q. Let i = q + 3. Calculate the highest common factor of m and i.
7
Let a be 3/((-928)/136 - -7). What is the highest common divisor of 153 and a?
17
Suppose -14*b + 9502 = 2642. What is the highest common divisor of b and 560?
70
Let m(q) = 49*q + 8. Let i be m(4). Calculate the highest common factor of 24 and i.
12
Let g(m) = m**2 - 13*m - 11. Let d be g(14). Let z be ((-4)/(-2) - d)*14. Let s = z - -26. What is the greatest common factor of 48 and s?
12
Let p = 292 + -83. Calculate the highest common factor of p and 11.
11
Suppose 0 = 2*k - 6, -2*k - 411 = -2*c - 7*k. What is the highest common d